25 = b*r. What are the prime factors of r?
2, 3
Let o(k) be the first derivative of k**4/4 - 7*k**3/3 + 4*k**2 - 4*k - 3. Suppose 8 = 2*l - 4. List the prime factors of o(l).
2
Suppose -k + 4 + 5 = 3*r, r = 2*k - 4. List the prime factors of ((-21)/(-2))/(k/4).
2, 7
Let k(p) = 5*p + 2. Let m(i) = i + 1. Let n(w) = -k(w) + 6*m(w). Let v = 0 - 0. What are the prime factors of n(v)?
2
Let y be 1/(-1)*(-3 - 4). Let z(k) = 10 - 11 + 17 - k. List the prime factors of z(y).
3
Let l(r) = r - 3 - 3 + 3. Let d be l(3). Suppose -4*x + 4*v + 8 = 0, d*x = -x - v + 4. What are the prime factors of x?
3
Suppose -50 = -9*y + 4*y. What are the prime factors of (3/5)/(2/y)?
3
Suppose b - 23 - 15 = 3*i, 0 = -5*b - 3*i + 118. What are the prime factors of b?
2, 13
Suppose -4*k - 8 = -20. Suppose -5*n = -k*r - 26, 2*n - 18 = 4*r + r. Suppose 0 = -n*l - 2*q + 18, 3*l + q = -0*l + 11. List the prime factors of l.
2
Let x(w) = 3*w**3 - 2*w**2 + 3*w - 1. Let b = -8 + 12. Let z be x(b). List the prime factors of 2/(-5) - z/(-15).
11
Let y be ((-4)/6)/(12/(-18)). Let m(q) = 22*q + 1. List the prime factors of m(y).
23
Suppose -3*s + 2*s = -42. List the prime factors of s.
2, 3, 7
Let r(w) = -w**2 - w - 1. Let h(z) = -2*z**2 + 4*z - 3. Let g(u) = -h(u) + 3*r(u). Let y be g(-7). Suppose 0 = -v - y + 3. List the prime factors of v.
3
Suppose 2*b + 4 = 0, -5*b - 19 = -3*z - 0*z. Suppose 0 = -z*x + x + 20. List the prime factors of x.
2, 5
Suppose -i = 4*a - 252, -5*i - 148 = -5*a + 3*a. What are the prime factors of a?
2
Let c(k) = 9*k**3 - 3*k + 3. What are the prime factors of c(2)?
3, 23
Let q = 44 - 9. What are the prime factors of 466/10 - 21/q?
2, 23
Suppose 4*d - 7 - 5 = 0. Suppose -5*i = 20, -5*j - i - 6 = d*i. Suppose -b + 36 = j*b. What are the prime factors of b?
2, 3
Let y(i) = 1 - 3*i - 3*i - 4*i + 2*i. Let b be y(2). List the prime factors of (b/9)/(2/(-6)).
5
Let g(f) = -f**3 + 12*f**2 - 11*f. Let l be g(11). Let n = 9 + l. List the prime factors of n.
3
Let j = -203 + 366. List the prime factors of j.
163
Suppose -2*f + 16 = 2. List the prime factors of f.
7
Suppose -3*l = 17 - 158. List the prime factors of l.
47
Suppose -4*q + 20 = 2*b, b = -0*q - 4*q + 20. Suppose -4*a + 73 = q*d, a = -2*d + 2*a + 37. What are the prime factors of d?
17
What are the prime factors of (-1 - 324/(-20)) + 1/(-5)?
3, 5
Let s(c) = -1 + 6*c + 0*c**2 - c**2 + 2*c**2. Let x be s(-7). Suppose 0 = -2*u + 4*u - x. List the prime factors of u.
3
Suppose -n = 3*n + 5*j - 84, 3*j - 12 = 0. List the prime factors of n.
2
Suppose 0*f - 15 = -f - 5*w, -4*f - 12 = -4*w. Suppose i = -f*i + 23. List the prime factors of i.
23
Suppose 0*a - 78 = 3*a. Let k = -13 - a. List the prime factors of k.
13
List the prime factors of 135 - (2 + 4 + -11).
2, 5, 7
What are the prime factors of (-10)/(-25) + 13/5?
3
Suppose 2*q - 22 - 14 = -r, -4*r + 44 = 3*q. Suppose 43 - 17 = 3*s + 5*n, 0 = s - 4*n - q. What are the prime factors of s?
2, 3
Let h(i) = 37*i**3 + 3*i**2 - 4*i + 1. List the prime factors of h(2).
7, 43
Suppose -2*p + 4 = 0, -2*p + 46 = 4*l - 10. Suppose 11 + l = 3*w. What are the prime factors of w?
2
Let k(i) = 2*i + 5. Let u be (0 + -4)*27/(-18). What are the prime factors of k(u)?
17
Let k be 7*48/(-3) + 0. List the prime factors of (-6)/(-4)*k/(-12).
2, 7
Suppose u - 356 + 85 = 0. What are the prime factors of u?
271
What are the prime factors of (5859/126)/(1 - 2/8)?
2, 31
Suppose 7*g = 2*g - 10. Let l be 3*(-15)/9*g. Suppose l = -0*f + 2*f. List the prime factors of f.
5
Let u(s) = -s - 13. Let t be u(-10). Let h be (1 + t + 5)*1. Suppose -7*l + h*l + 56 = 0. What are the prime factors of l?
2, 7
Suppose 0 = -c - 3 + 9. Let q be c/(-8) - (-14)/8. What are the prime factors of (16 + -3)*q + -3?
2, 5
Suppose 0 = -2*i - 3*i - 30. Let k be (-2 - -5)*10/i. Let z(d) = -2*d - 2. List the prime factors of z(k).
2
Suppose o = z - 4, o + 2 = 2*z - 6. Let s = z - -9. List the prime factors of s.
13
Suppose -5 + 13 = 2*r. Suppose 42 = 3*l - 4*q, -q - r - 9 = -l. What are the prime factors of l?
2, 5
Suppose w + 3*f = 42, 2*f - 98 = -3*w - 0*w. List the prime factors of w.
2, 3, 5
Suppose -72 = -3*g - 5*t, 0 = 4*g + t - 43 - 70. Suppose 5*u = z + g, -u - 19 = -4*u - z. What are the prime factors of u?
2, 3
Let t = 151 + -56. Suppose 3*z + 2*z - t = 0. List the prime factors of z.
19
Let r be 6/(-18) - 14/(-6). What are the prime factors of (10/8)/(r/8)?
5
Let b be (-4 + 4)*(-2)/4. Suppose 5*z - 3*w + b*w = 71, 5*w + 10 = 0. Let l = z - -2. List the prime factors of l.
3, 5
Suppose -116 = -s + 95. What are the prime factors of s?
211
Let u = -4 - -10. Suppose 0 = -5*z - j + 15, 0 = 2*z + 5*j - j - u. Suppose 0 = 2*d - 3*f - 2*f + 4, 5*f - 44 = -z*d. List the prime factors of d.
2
Suppose 131 = -5*s + 51. Let j = -10 - s. Let q(i) = i**3 - 6*i**2 + 4. List the prime factors of q(j).
2
What are the prime factors of (0 + -1)/(2/(-28))?
2, 7
Suppose -i - 13 + 57 = 2*d, 5*i = -2*d + 244. List the prime factors of i.
2, 5
Let a be 3 - (1/1)/(-1). Let y(h) = 2*h**2 + 7*h + 4. Let x(i) = 3*i**2 + 13*i + 8. Let s(w) = 3*x(w) - 5*y(w). What are the prime factors of s(a)?
2
What are the prime factors of -25 - -22 - 168/(-2)?
3
Let m(k) = -k**2 + 9*k - 10. Let b be m(7). List the prime factors of (2 - b) + 0 + 14.
2, 3
What are the prime factors of 2/(-15) - (8588/(-60) + -3)?
2, 73
Suppose 2*o + 2 = 10. Let q be ((-22)/(-4))/(1/o). Let i = 32 - q. List the prime factors of i.
2, 5
Let x = 8 + -4. Suppose -x*u - 4*s + 89 = s, -23 = -3*u + 5*s. What are the prime factors of u?
2
Let b = -8 - -11. Suppose -21 - b = -s. List the prime factors of s.
2, 3
Suppose 0 = 3*i + 3, -3*i + 59 = 3*v + i. What are the prime factors of v?
3, 7
Let o(f) = 5*f + 6. List the prime factors of o(10).
2, 7
Let c(m) = m + 3. Let b be c(-6). Let t = 6 + b. Suppose -14 = -t*a + 10. List the prime factors of a.
2
Suppose 4*j - 20 = -0*j. Suppose -j + 15 = 5*w. Suppose w*b + 1 - 5 = 0. List the prime factors of b.
2
Suppose 6*x - 190 = 4*x. What are the prime factors of x?
5, 19
Let o be 4*2/8 - -2. Suppose 29 = -2*z + o*z. What are the prime factors of z?
29
List the prime factors of 21/15 - (-6)/10.
2
List the prime factors of -50*((-4)/10 + (-21)/10).
5
Suppose 0*w - 3*w = 3, -4*m = w - 15. Suppose m*t - 11 - 41 = 0. What are the prime factors of t?
13
Let l be 8/(-20)*1*5. Let w be 42/3 + l + -2. What are the prime factors of ((-12)/w)/(3/(-15))?
2, 3
Suppose -114 = -5*l - 294. List the prime factors of (l/3 + -3)/(-1).
3, 5
Let b be (0 + 5)*(-5 + 0). Let p = 65 + b. Let v = p - 17. What are the prime factors of v?
23
Suppose -5*i - 8 = -i, 2*a - 5*i - 188 = 0. List the prime factors of a.
89
Let h(r) = 2*r + 14. Let q be h(-12). What are the prime factors of 39 - -1 - (q + 7)?
43
Let q be 4/2 + 39/1. Suppose 19 = 4*l - q. List the prime factors of l.
3, 5
List the prime factors of ((-168)/70)/((-2)/25).
2, 3, 5
Suppose -5*j - 3*k + 139 = 0, -4*j + k = 6*k - 106. What are the prime factors of j?
29
Suppose 0 = -3*r - 2*r + 30. Let g be (r - 2)*(-2)/(-4). Suppose g*t - 8 - 12 = 0. List the prime factors of t.
2, 5
Suppose 10 = 2*b - 4*b. Let l = b + 11. What are the prime factors of l?
2, 3
Suppose -5*r + 6 = -4. Suppose 0*n + n = r. Suppose -m = -n - 2. What are the prime factors of m?
2
Suppose 342 = 8*j - 514. What are the prime factors of j?
107
Let u(m) = -m**2 + 9*m - 4. Let y be u(8). Suppose 4*a - 33 = 3*j, -y*a + 38 = -0*j + 2*j. List the prime factors of a.
3
Let d = 1 - 1. Suppose -v = -2 - 3. Suppose v*t - 2*f - 6 = d, 5*f - 2 = t + 3*f. List the prime factors of t.
2
What are the prime factors of ((-148)/12)/(3/(-9))?
37
Suppose -c = 3*q - 8, 2*q = -2*c + 6*c - 60. Suppose 105 = 4*a - 3*i, 5*i = -c - 1. What are the prime factors of a?
2, 3
Suppose 3*b + b - 24 = 0. Suppose -3*u - 4*g = 10, 4*g = 4*u - 13 - 11. Suppose -p - u = -b. What are the prime factors of p?
2
Let n(h) = 31*h + 5. List the prime factors of n(6).
191
Let q(w) = w + 8. Let t be q(0). Let b = t - 4. What are the prime factors of b?
2
Let d = 100 - -78. List the prime factors of d.
2, 89
List the prime factors of (-1)/(6/(-751)) + 36/(-216).
5
Let k = 2 + 2. Suppose k*a + 20 = 5*l, 2*a - 6*a = -2*l + 8. Suppose 0 = -3*d + 5*s + 3 - 8, 5*d - s - 2